mainder when h is divided by 233.
183
Suppose 3*v + 2*v + 242 = 3*p, 0 = -5*p - 5. Let m = -5 + 64. Let l = m + v. Calculate the remainder when 47 is divided by l.
7
Suppose 4*b - 278 = b - 2*h, -4*h = 4*b - 376. Suppose -7*z - 11*z = -b. What is the remainder when z is divided by 3?
2
Suppose 0 = 5*a + 2*d - 688 - 16221, 2*a - 2*d = 6744. What is the remainder when a is divided by 212?
199
Let v(t) = -47*t - 9. Let n be v(-3). Let p = 164 - n. What is the remainder when p is divided by 9?
5
Let c be (-10 - 152/(-16))*(-2 - -2). Suppose c = -12*r - 37 + 601. What is the remainder when r is divided by 10?
7
Let a = 13711 - 13675. Calculate the remainder when a is divided by 56/26 + (-14)/91.
0
Suppose 5*k - 677 = -2*z, 0*z + z - 346 = -5*k. Suppose -n + 4*l = -6*n + z, -327 = -5*n - 3*l. What is the remainder when 250 is divided by n?
61
Let d be 4/(-10) - (-34)/10. Suppose -3458 + 10190 = 66*v. Suppose 3*u - v = -d*f - f, 0 = -2*f + 3*u + 42. Calculate the remainder when 36 is divided by f.
12
Suppose 2*u + 33 + 0 = i, 5*i = -2*u + 261. Calculate the remainder when 236 is divided by i.
40
Let a(t) = 185*t - 1060. Calculate the remainder when a(27) is divided by 179.
176
Suppose -44 = o - 34. What is the remainder when 4/(-10) + (-3514)/o is divided by 44?
43
Let h = -3768 - -3839. What is the remainder when 190 is divided by h?
48
Let z(r) = -3*r**3 + 5*r + 22. Let h be ((-6)/(-4) - 1)*(-162)/27. Calculate the remainder when z(h) is divided by 15.
13
Suppose -15*i = -23*i + 24. Suppose 0 = i*w - 4*z - 44, -2*w - 1 = -2*z - 33. Let a(r) = r**2 - 3*r - 7. What is the remainder when w is divided by a(6)?
9
Suppose 2*w - 185 = -5*o, 136*w - 111 = -3*o + 134*w. Calculate the remainder when 918 is divided by o.
30
Let j(l) be the first derivative of -l**3/3 - 8*l**2 + 38*l + 87. Calculate the remainder when 189 is divided by j(-16).
37
Calculate the remainder when (-3)/(198/(-12)) - 12930/(-33) is divided by 18.
14
Let d = 1404 - 1371. Let w = 109 - 91. Calculate the remainder when d is divided by w.
15
Let y = -11538 + 15654. What is the remainder when y is divided by 20?
16
Let g = 2564 + -1206. Calculate the remainder when g is divided by 23.
1
Let m be 46/4 + 105/(-14) + 8. Calculate the remainder when 96 is divided by ((-10)/((-40)/m))/(6/20).
6
Let x(h) = 879*h**2 - 8*h - 7. What is the remainder when x(-4) is divided by 77?
75
Let r = 487 - 437. Calculate the remainder when 263 is divided by (-4 - -1) + (r - 5 - -2).
43
Suppose -k + 3853 = -5*d, -7*d - 3835 = -2*d + 5*k. Let z = d - -815. What is the remainder when z is divided by 41?
4
Suppose 3*s = c - 667, -443*c + 440*c + 2014 = 4*s. What is the remainder when c is divided by 65?
20
Let f be ((-6)/8)/(2/(-8)) - 3. Suppose f*i + 28 = 7*i. Suppose 4*l - 4*c + 27 = 115, l - 2 = -i*c. Calculate the remainder when 86 is divided by l.
14
Let i = -184 - -190. What is the remainder when 29 is divided by i/(-16) - (6 - 537/24)?
13
Suppose 59 = 11*g - 40. Let q(b) = b**3 + 9*b**2 + 14*b - 21. Calculate the remainder when q(-5) is divided by g.
0
What is the remainder when 740 is divided by (57/4)/(7/(1540/33))?
75
Suppose 10*z - 5*v - 543 = 8*z, 4*v = -5*z + 1341. What is the remainder when z is divided by 38?
3
Let c = 386 - 341. Suppose -c*u = -32*u - 13. What is the remainder when u is divided by 1?
0
Let x = 218 - 174. Let k = 454 + -283. What is the remainder when k is divided by x?
39
Suppose -516*d + 491*d + 425 = 0. Let o(i) = 17*i**2 + 2*i + 4. Let v be o(5). Suppose -157 = -4*a + v. Calculate the remainder when a is divided by d.
13
Let l(q) = q**2 + 1. Let g be l(1). Calculate the remainder when 11368/87 + 1/3 is divided by (7/(-35))/(g/(-190)).
17
Suppose -8*z + 4*z + 81 = -5*p, 5*p = -3*z + 17. Let s(h) = -4*h**3 - 3*h**2 + 11. Calculate the remainder when s(-3) is divided by z.
8
Let p(h) = 85*h + 4430. Calculate the remainder when 21488 is divided by p(-52).
8
Let a(m) = -m**2 + 12*m + 26. Let f be a(14). Let y(o) = 79*o**2 - 4*o - 5. What is the remainder when y(f) is divided by 46?
43
Suppose -2*i - 5*q = 18, 4*i - i = -2*q - 16. Suppose 24 = 36*b - 48*b. Calculate the remainder when 11 is divided by 1/i - b/8 - -3.
2
Let h = -27904 + 28477. Calculate the remainder when h is divided by 9.
6
Let v(w) = -w**3 + 8*w**2 - 6*w - 2. Let h(u) be the third derivative of -11*u**4/6 + 6*u**3 - u**2 - 6*u. What is the remainder when h(-2) is divided by v(5)?
38
Let t(k) be the second derivative of 11*k**3/6 + k**2/2 - 2*k - 2. What is the remainder when t(7) is divided by 27?
24
Suppose -5*m - 40 = 5*g + 30, -5 = m. Let o(y) = -10*y**2 - 93*y + 78. Calculate the remainder when (-6)/g - (-76)/3 is divided by o(-10).
2
Let r(q) = -98*q + 3. Let b be r(-1). Let s = b - 431. Calculate the remainder when 22 is divided by 6/(-27) - s/27.
10
Let c = -232 + 393. Suppose 4*z = -3*z + c. What is the remainder when 87 is divided by z?
18
Suppose 10*b + 25 = 903 - 18. Calculate the remainder when 671 is divided by b.
69
Let n be (-3 - -3) + (-28)/(-1). Let z(b) = -b**2 + 39*b - 122. What is the remainder when z(n) is divided by 12?
6
Let a = 105 + -64. Suppose a*z - 21*z = 520. Calculate the remainder when z is divided by 12.
2
Calculate the remainder when (2625/(-260) + (-6)/39)*-44 is divided by 226.
225
Let r(i) be the second derivative of 3*i**3/2 + 2*i**2 - 25*i. Let d be r(-11). Let u = d - -172. Calculate the remainder when u is divided by 16.
13
Let n(f) = 270*f**2 - 72*f + 331. Calculate the remainder when n(6) is divided by 10.
9
What is the remainder when (1918*(-18)/(-441))/(4/14) is divided by 93?
88
Let x = -35 - -37. Suppose -4*k = -x*k - 12. Suppose -k*r + 7*r = 28. Calculate the remainder when 81 is divided by r.
25
Suppose 239*j = 184*j + 880. What is the remainder when 740 is divided by j?
4
Let a = 416 - 991. Let r = -524 - a. What is the remainder when 119 is divided by r?
17
Let q(l) = -16*l + 94 + 2*l + 5*l + 4*l. Calculate the remainder when q(0) is divided by 24.
22
Suppose 2*y + 22 = 4*g, 0 = -4*g - 57*y + 52*y + 1. Suppose -4*c = 3*m - 35, g*m + 0 + 4 = c. What is the remainder when 359 is divided by c?
7
Let c(r) = 2*r**2 + 25*r + 65. Let k be c(-5). What is the remainder when (k/4)/((-14)/(-28)) - -481 is divided by 10?
6
Suppose 0 = -2*y + 16, -271 = q + y - 6550. Calculate the remainder when q is divided by 73.
66
Suppose -555 = -72*h + 597. What is the remainder when 72 is divided by h?
8
Suppose 749 + 371 = b + 13*b. Let f(y) be the first derivative of 4*y**3/3 + y**2/2 + 4*y - 6. What is the remainder when b is divided by f(3)?
37
Let d = 2014 + -1061. Suppose d = -9*f + 3248. Suppose j = 4*b - 210, -7*b + 2*b + 5*j = -f. What is the remainder when b is divided by 28?
25
Suppose -5*p = 2*l - 2159, 4*l + 4*p = -l + 5440. Suppose -11*a + l = 3*a. Calculate the remainder when a is divided by 11.
1
Let w(v) = -v**2 - 6*v + 6. Let q be w(-7). Let m = -106 + 224. Calculate the remainder when m is divided by (-16)/q - (-4 - 0).
18
Let b(x) = 51*x**3 + 305*x**2 - 5*x + 14. What is the remainder when 2285 is divided by b(-6)?
5
Suppose -y + 62*y - 3233 = 0. Calculate the remainder when 564 is divided by y.
34
Let j(m) be the second derivative of -m**3/3 - 4*m**2 - 7*m. Suppose -4*x + 71 = 4*c - 197, 4*x - 272 = -2*c. What is the remainder when x is divided by j(-9)?
9
Let z(a) = -33*a - 12. Let m be z(-2). Suppose 0 = -3*q - 12, 2*h + 13*q - 18*q - m = 0. What is the remainder when 58 is divided by h?
7
Let y = -66 - -355. Let c(h) = 8*h + 69. Let l be c(-8). Suppose l*i = m - 6*m + 310, 5*i - 274 = 4*m. Calculate the remainder when y is divided by i.
57
Suppose -4*z + 245 = 5. Let p be ((2 - 4)*-1)/(22/55). Suppose -p*q + 50 = 15. Calculate the remainder when z is divided by q.
4
Let y(w) = 2*w**2 + 154*w + 3287. Calculate the remainder when y(-25) is divided by 39.
24
Let i = -76 - -89. Suppose i*k - 11*k = 44. Let n = 32 - k. What is the remainder when n is divided by 6?
4
Let k = -1847 + 1056. Let g = -773 - k. Calculate the remainder when 244 is divided by g.
10
Suppose -13*b + 19*b = 72. Suppose 0 = 5*a - 87 + b. Calculate the remainder when 1/(-2)*(-196 + -6) is divided by a.
11
Let d be (-9)/15 + 1 + 1003/5. Let j = d - 169. What is the remainder when 316 is divided 